cond derivative of 2*x**3/3 + 10*x**2 - x. Suppose 20*b - 131 = 109. What is the units digit of l(b)?
8
Suppose -15*f - 13850 = -25*f. What is the units digit of f?
5
Suppose w + 5*v + 7475 = 5*w, 0 = -w + 2*v + 1868. What is the tens digit of w?
7
Let o = -6302 - -9853. What is the thousands digit of o?
3
Let u = -1511 + 3253. What is the units digit of u?
2
Let c = 842 + -340. What is the hundreds digit of c?
5
Let n(b) = 29*b**2 - 14*b - 48. What is the tens digit of n(-6)?
8
Suppose -5*v = 262 + 833. Let i = v - -384. Suppose 7*p - i = 2*p. What is the units digit of p?
3
Suppose 1205 - 229 = 4*j. What is the units digit of j?
4
Let d(r) be the second derivative of -1/20*r**5 - 1/2*r**2 - r**3 + 7*r + 0 - 1/4*r**4. What is the tens digit of d(-3)?
1
Suppose 5*s = -5*t + s + 450, 3*t + 3*s = 273. What is the units digit of t?
6
Let c be (-15)/(-48)*4*(4 - 0). Suppose -400 = c*o - 960. What is the tens digit of o?
1
Suppose 5*g + 2 = -4*l + 12, 5*l + g = 2. Let h be (0 + l)*2/6. Suppose h*s - s + 28 = 0. What is the tens digit of s?
2
Suppose 4*t - 8 = 2*r, -4*t + 3 = -r - 5. Suppose -2*u + a + 31 = -22, u - 34 = t*a. What is the tens digit of u?
2
Let n(m) = -3*m**3 + m**2 + 7*m + 10. Let p be n(-4). Suppose -4*z - 149 = -y - 48, -p = -2*y + 5*z. What is the tens digit of y?
8
Let u = 33 + -29. Suppose 7*c = 200 - u. What is the tens digit of c?
2
Let w be 0/(5*(-4)/(-20)). Suppose 14*k - 2473 + 443 = w. What is the units digit of k?
5
Let g = 9 + 3. Let v = 15 - g. Suppose -2*f - n = -3*n - 42, -v*f - 4*n = -56. What is the tens digit of f?
2
Let u(n) = n + 3. Let h be u(5). Let b = 10 - h. Suppose 3*v + 6 = s + 4*v, -v = -b*s + 21. What is the units digit of s?
9
Suppose -9*w - 10 = -4*w, -3*z - 3*w + 4416 = 0. What is the thousands digit of z?
1
Suppose 8*z = 3*z + 50. Let v(y) = -2*y**2 - 12*y + 1. Let a(x) = -3*x**2 - 24*x + 4. Let p(u) = -3*a(u) + 5*v(u). What is the units digit of p(z)?
3
Let y(u) be the first derivative of 2*u**3 - 5*u**2 - 6*u + 8. Let m(q) be the first derivative of y(q). What is the tens digit of m(5)?
5
What is the units digit of -7 - -16*(-30)/(-4)?
3
Let p = -10 + 24. Let c(l) = -8 + p*l - 8*l**2 + 3 - 116*l**3 + 115*l**3. What is the tens digit of c(-10)?
5
Suppose -127*n + 131*n = 1448. What is the tens digit of n?
6
Let p = -29 - -53. Suppose 5*n - p = -n. What is the units digit of 25 + n*(-5)/(-10)?
7
What is the hundreds digit of (-10688)/10*-1*35/14?
6
Let q(u) = -u**2 + u + 2. Let n be q(-2). Let x(d) = d**2 + 14*d. Let i(t) = -7*t. Let c(o) = 5*i(o) + 3*x(o). What is the tens digit of c(n)?
2
Let x be (-1)/((-13)/4 - -3). What is the tens digit of (x + 32/(-14))*28?
4
Let t(z) = z**3 + 39*z**2 + 229*z + 10. What is the units digit of t(-31)?
9
Suppose -f = -4*f + 78. Let a = -22 + f. Suppose 0*u + a*t = -u + 90, 5*t = -3*u + 249. What is the tens digit of u?
7
Suppose 286 = -8*r + 10*r. Suppose -53 = 3*t - r. Suppose c = -4*c + t. What is the units digit of c?
6
Let d = -3 - -12. Suppose -4*h + d = -h. Suppose 0 = h*v + i, 5*v + 2*i = i + 2. What is the units digit of v?
1
Let y = -23 - -26. Suppose 6 = -y*b + 3. What is the units digit of ((-42)/(-24))/(b/(-4))?
7
Suppose -54 = -8*t + 426. What is the tens digit of t?
6
Suppose 0 = 50*s - 48*s - 1354. What is the tens digit of s?
7
Let s(i) = -2*i**2 + 20*i - 7. Let a be s(9). Suppose -9*f + a*f - 306 = 0. What is the hundreds digit of f?
1
Suppose 5 = -n + 4*y + y, -2*n - 1 = -y. Suppose n = u - 10 + 3. What is the units digit of u?
7
Let x = 72 + 110. Let w = x + -68. What is the units digit of w?
4
Let n(d) = -5*d + 3. Let y be n(-11). Suppose w - y = -5. What is the tens digit of w?
5
Let d(a) = a**3 - a**2 - 7*a + 7. Let g be d(5). Let y = -42 + g. What is the tens digit of y?
3
Let l be -1 + -2 - 48/12. Let r(s) = -31*s - 7. What is the tens digit of r(l)?
1
What is the hundreds digit of -3 + (-21)/(21/(-838))?
8
Let m = -4 - -8. Let v = 356 + -352. Suppose m*u - 36 = -2*c, 2*c + 3*c - 20 = v*u. What is the units digit of c?
8
Suppose -4*f + 0*f - 40 = -5*z, 0 = 5*z - 3*f - 35. Suppose 3*x = s + 52, z*x = 2*s + 16 + 50. What is the units digit of x?
9
Let r be -3*3/(-2 + -1). Suppose -r*v + 204 = 27. What is the units digit of v?
9
Suppose 4 = -h + 9. Suppose 3*x = i + h, -3 = -2*x - x + 3*i. Suppose -27 = -x*t - 5*q, 5*t - 2*q = -4*q + 15. What is the units digit of t?
1
Let j(f) = f**3 - f**2 + f - 1. Let s(d) = 27*d**3 - 3*d**2 + 2*d - 3. Let z(t) = 3*j(t) - s(t). Let b be z(1). What is the units digit of (-195)/(-4) - b/92?
9
Let v be (-4)/(-48)*52 - (-1)/(-3). Suppose v*j - j = -4*n + 349, -n - 128 = -j. What is the units digit of j?
3
Suppose -12*t = 40*t - 9048. What is the hundreds digit of t?
1
Suppose -4*o = 0, -2*o - 50 = 5*r - 0*o. Let u(p) = -3*p. Let y be u(-3). What is the units digit of (r/3)/((-2)/y)?
5
Let z(h) = 0*h + 7*h**2 + 2 + 0*h**2 + 4 + h**3 + 5*h. What is the units digit of z(-5)?
1
Let x = 4346 - 3080. Suppose -6*i + x = 108. What is the units digit of i?
3
Suppose -4*k + 0*k = -5*g - 30, g = -4*k + 42. Suppose 3*j - 25 + k = 0. Suppose -j - 3 = -v. What is the units digit of v?
8
Suppose -12 = -5*h + 3. What is the units digit of 278/3 + h/9?
3
Suppose 11*q + 27*q = 24206. What is the hundreds digit of q?
6
What is the hundreds digit of (-738 + -1)*-6 + (-55)/55?
4
Suppose 3*g + g = 12. Suppose g*m = -3, -2*m + 0*m = -4*a + 198. Suppose 2*y = r + a, -2*y + 3*y - 5*r - 20 = 0. What is the units digit of y?
5
Let m be -2 + 0 + 5 + 6. Let y = 7 - m. What is the units digit of ((-24)/4)/(y/11)?
3
Suppose -4*n + 328 + 424 = 0. What is the hundreds digit of n?
1
Suppose 2*v + 0*v = 6. Suppose -c = -4*c + 24. Let l = v + c. What is the units digit of l?
1
Let p = 9 - 4. Suppose -2*g + p*x = -149, -3*g + 214 = -0*x + 2*x. Suppose -z - z = -g. What is the units digit of z?
6
Suppose x = -h - 26, 0 = -2*h + 7*h + x + 114. Let f = h - -45. Let l = -8 + f. What is the units digit of l?
5
Suppose 0 = 5*g, 5*y = -3*g + 8*g + 780. Suppose -4*j + 456 = -y. What is the tens digit of j?
5
What is the units digit of (159/(-4))/(231/(-44) + 5)?
9
Let y(s) = -2*s**3 - 8*s**2 - 16*s - 23. What is the units digit of y(-5)?
7
Suppose -2*b - 12 = -6*b. What is the units digit of ((-46)/(-6))/(b/27)?
9
Let t be (-14)/(-35) + (-54)/10. Let b = 7 + t. What is the tens digit of (b/(-5))/((-1)/45)?
1
Suppose -20*o + 15883 = 4363. What is the units digit of o?
6
Suppose 2*d - 4 = 0, -2*j + j = -d + 29. What is the tens digit of (-2048)/(-18) + (-6)/j?
1
Let x(l) = -46*l + 1035. What is the thousands digit of x(-53)?
3
Let k = -21 + 28. Let v(f) = f**2 + 10*f - 21. What is the units digit of v(k)?
8
Suppose -4 - 4 = -4*s - 2*g, -2*s + 4*g = 16. Suppose 0 = 3*d + 8 + 1, -5*x + 2*d + 821 = s. What is the tens digit of x?
6
Let q(n) = 2*n - 2. Let t = -11 - -5. Let c be q(t). Let d = c - -20. What is the units digit of d?
6
Suppose 19 - 1 = 3*f. What is the units digit of 2/f*45*6/1?
0
Suppose 68*u - 15981 = 116619. What is the tens digit of u?
5
Let l be ((-6)/(-9))/(10/75). Suppose -l*g + 212 = 3*c - 1551, -4*c - 726 = -2*g. Suppose 5*o - 2*y - 355 = y, -y + g = 5*o. What is the units digit of o?
1
Let y be 4/18 - (-976)/144. Suppose -2*s - y = -39. What is the units digit of s?
6
Suppose 0 = -4*c + 11*c - 1176. What is the tens digit of c?
6
Suppose -1315 + 9904 = 21*p. What is the tens digit of p?
0
Let k = -2213 + 4997. What is the tens digit of k?
8
Suppose 5 = -5*i - 5*p - 10, 2*i + 21 = -5*p. Let l(u) = -u**2 - 5*u + 1. Let m be l(-4). Suppose -153 - i = -m*y. What is the tens digit of y?
3
Suppose 8*q - 7221 = 779. What is the thousands digit of q?
1
Let g(k) = -4*k**3 + 5*k**2 + 10*k + 11. What is the units digit of g(-5)?
6
Let s = -3 - -6. Let c(f) = 75*f + 3. Let m(n) = -25*n - 1. Let v(z) = s*c(z) + 8*m(z). What is the tens digit of v(3)?
7
Let a(y) = -y**3 + 5*y**2 + 6*y + 2. Let c be a(6). Suppose -3*l + 3*d = 2*l - 110, -c*l + 18 = 4*d. Suppose -171 = -4*m - l. What is the units digit of m?
8
Let g(j) = 231*j - 5. Let k(d) = 46*d - 1. Let p(f) = 2*g(f) - 11*k(f). What is the tens digit of p(-3)?
3
Let m(u) = 1092*u**2 + u - 2. What is the tens digit of m(-1)?
8
Suppose 4*w - 125 - 63 = 0. Suppose 5*u - w = 128. What is the tens 